2*l + 7*l**2 - l**3 + 6*l**2 - 12 - 10. Let m be k(o). What is the highest common divisor of 1 and m?
1
Let t be (0 + 1)*(-1 - -28). Suppose 5*l - 918 = 9*d, 0 = 2*l + 2877*d - 2873*d - 276. What is the highest common factor of l and t?
27
Let x be (12/18)/(0 + 8/84). Let q = -14 - -77. Calculate the highest common divisor of x and q.
7
Suppose 4 - 15 = 3*f - g, -3*g - 3 = 0. Let o = -22 - -30. Let u = f + o. What is the greatest common divisor of 44 and u?
4
Let j = 3 + -19. Let s be (j/12)/((-1)/114). Suppose -47*b + 556 + 337 = 0. What is the highest common divisor of s and b?
19
Let l(y) = 12*y**2 - 4*y. Let u be l(3). Suppose 1270*v - 1273*v = -f + 252, 0 = -5*f - 2*v + 1192. What is the greatest common factor of f and u?
48
Let i be (-58)/(-87) - (-2)/6*1. Let m be 4 + (-4)/(i - -1). Suppose -2*a + 2 = m*u - 42, 2*u - 39 = -3*a. Calculate the highest common divisor of u and 18.
9
Let x(o) = -204*o + 406. Let k be x(-17). What is the greatest common divisor of k and 26?
26
Let b(l) = 3*l + 2. Let d = -164 - -94. Let m = d - -74. Let r be b(m). What is the highest common factor of 112 and r?
14
Suppose 211*l = 209*l + 810. Calculate the greatest common divisor of 120 and l.
15
Suppose 70 = -7*n - 42. Let j = 88 + n. What is the greatest common divisor of 9 and j?
9
Suppose -77*i = -74*i + 21. Let p(d) = -d**2 - 12*d - 6. Let x be p(i). What is the highest common divisor of 319 and x?
29
Let t be (-104)/3 - (-2 - 28/(-12)). Let k = t - -78. Suppose 0 = 6*q - q - 860. What is the highest common factor of q and k?
43
Suppose 2*s = -4*y - 690, -3*s + 675 = 3*y - 7*y. Let b be (-4)/6 - (-4 + 20/15). Let f be (16/(-12))/(3/y*b). What is the highest common factor of f and 57?
19
Let k(v) = v**3 - 3*v**2 - 1720*v + 40. Let j be k(-40). What is the highest common divisor of j and 2540?
20
Suppose 4*z + 988 = 8*z. Let k(y) = 26*y**2 + 8*y + 7. Let r be k(-2). Suppose -6*n = -n - 4*p - r, 0 = -p. Calculate the highest common factor of z and n.
19
Let o = -224 - -672. Calculate the greatest common factor of 256 and o.
64
Suppose -5*d = 5*g - 15, 3 = d - 4*g - 0. Suppose 2*w + 0*w + d*x = 396, 2*w + 2*x = 394. Let a = -30 + w. What is the highest common factor of a and 15?
15
Let b be (1 + 5/(-15))*36. Let z = -6307 + 6631. Calculate the highest common factor of b and z.
12
Suppose 50*t - 62*t = -660. What is the highest common divisor of t and 143?
11
Let o = 698 + -599. Let t = o + -27. What is the highest common divisor of 24 and t?
24
Suppose q = 41 + 3. Let w(h) = -2*h**2 - 37*h + 235. Let o be w(-23). Let f = q - o. Calculate the greatest common factor of 72 and f.
8
Suppose -k + 434 = 2*k + v, -4*v - 712 = -5*k. Let a = k + -84. Suppose -u - 4*o = 4*u - a, -4*u = 3*o - 47. Calculate the highest common factor of 4 and u.
4
Let h = 15 - 51. Let d(j) = 12*j**2 + 213*j + 152. Let x be d(-17). Let s = x - h. Calculate the highest common factor of s and 28.
7
Let m = 711 - 370. Let o be 2/7*14 - 2/1. Suppose 0 = w + o*c + c - 31, -w + c = -31. What is the highest common divisor of w and m?
31
Let x = 253 + -183. Suppose -3*b + 221 = -4*w, -b = 23*w - 28*w - x. Suppose -4*k - 15 = -5*k. Calculate the greatest common factor of k and b.
15
Suppose 4*h - 19*h + 3600 = 0. Suppose 82 = -4*l + 5*l. Let c = l + -52. What is the highest common divisor of h and c?
30
Let t = -14986 + 15014. What is the greatest common divisor of t and 5572?
28
Let u be -2*220/(-40)*(1 - 0). Let b be 40/12*(-6)/(-5). Suppose -c + b*c - 165 = 0. Calculate the highest common factor of u and c.
11
Let w be 6 - (-1020)/7 - ((-138)/42 - -3). What is the highest common factor of w and 20064?
152
Let f(x) = -x - 5. Let q be f(0). Let b(k) = 6*k - 8. Let p be b(q). Let o be p/(-14) + (-14)/(-49). Calculate the highest common factor of 33 and o.
3
Suppose 31099 = -95*s + 486909 + 111720. What is the highest common factor of s and 1442?
206
Let c = 1102 - 670. Calculate the highest common divisor of c and 369.
9
Let o be 38 + -12 - 1*5. What is the highest common factor of o and 108?
3
Suppose 4*l + 9 = 33. Suppose -27 - l = -11*k. Suppose -k*c + 5*r = -24, -5*c + 5*r - 7 = -57. Calculate the highest common factor of c and 130.
13
Let l be -1714*(3 - 2)*(17 - 23). What is the greatest common divisor of 12 and l?
12
Let s be (-44126)/(-7) - ((-240)/(-42) + -6). What is the greatest common factor of 32 and s?
32
Let n(g) = g**2 - 6*g - 27. Let m = 776 - 782. Let q be n(m). Let v = -254 + 569. Calculate the highest common divisor of v and q.
45
Suppose -1155 = -5*v - 2*i, -1396 = -5*v - 3*i - 236. What is the greatest common factor of 45571 and v?
229
Suppose 248 = 10*r - 91 - 361. Calculate the greatest common divisor of r and 12264.
14
Suppose -48 = -3*a - 3*b, -a - 4*a - 2*b + 77 = 0. Let v be 9/a*(-98 + 3). Let g = v - -111. Calculate the greatest common divisor of g and 486.
54
Let d be (-5)/(-5) - (-40)/(-5). Let x(h) = h**3 + 9*h**2 + 2*h + 16. Let r be x(d). Let a = -426 + 430. Calculate the greatest common divisor of a and r.
4
Suppose -4*p + 18*p = 112. Suppose -3*g + 661 = -2*t, p*g + 1107 = 13*g + 2*t. What is the greatest common factor of g and 17?
17
Let d(j) = 12*j + 131. Let o be d(-11). Let c be ((-528)/4 - -4)*o. What is the highest common factor of c and 96?
32
Let h(w) = -5*w**3 - w**2 - 11*w - 7. Let z be h(-2). What is the greatest common factor of z and 153?
51
Let q(v) = 52*v + 40. Let x(o) = 8*o + 6. Let f(j) = -5*q(j) + 32*x(j). Let n be f(-3). What is the highest common factor of n and 36?
4
Let g(i) = -3*i**3 + 58*i**2 + 42*i - 19. Let t be g(20). What is the highest common divisor of t and 48993?
21
Let n(p) = -6*p**2 - 17*p - 17. Let k be n(-7). Let o = 290 + k. Calculate the highest common factor of 14 and o.
14
Let b be 280/6*138/(-24)*-6. What is the highest common factor of b and 5750?
230
Suppose 2*t - 9059 - 4779 - 8458 = 0. What is the highest common factor of t and 24?
12
Let f(w) = 7*w + 613. Let i be f(-35). What is the greatest common divisor of 64 and i?
16
Let o(w) = -7 + 5*w + 14*w - 17*w + 2*w**2 - 11. Let k be o(-6). Let c be ((-2)/(-5))/(1/15). Calculate the greatest common divisor of c and k.
6
Suppose -w = -5*p - 116, 2*w - 27*p = -24*p + 204. Calculate the greatest common divisor of 4096 and w.
32
Let r(h) = 178*h - 98. Let v be r(2). What is the highest common factor of 30 and v?
6
Suppose -l + 2 = -47. Suppose -337*a - 32 = -338*a. Suppose 0 = -30*n + 25*n + g + 33, 4*n + 2*g - a = 0. Calculate the greatest common divisor of l and n.
7
Suppose 4*t + 30*u = 25*u + 210, -t = -u - 39. What is the greatest common divisor of 13005 and t?
45
Let v = -241 - -236. Let i be (-1)/v - 1547/(-65). Calculate the greatest common divisor of 18 and i.
6
Let a(x) = 5 - 5*x - 1 - 3 + 5. Let q be a(1). Calculate the greatest common divisor of 2 and q.
1
Let j(y) = 701*y + 5742. Let l be j(-6). What is the highest common divisor of l and 456?
24
Suppose -2*g = -1251 + 995. Calculate the highest common factor of 128 and g.
128
Let k be -137*(-4 + -1 + 7 + -3). Suppose a + 2*z - k + 39 = 0, -3*a + 3*z = -285. Let b = 108 - a. What is the highest common divisor of b and 72?
12
Suppose 0 = 216*m - 219*m + 6267. Suppose 619 = -6*h + m. Let n be ((-10)/(-8))/(2/56). Calculate the highest common factor of n and h.
35
Let p = -335 - -344. Suppose -108 = 6*g - p*g. Calculate the greatest common factor of g and 81.
9
Suppose -165*r - 6665 + 160940 = 0. Calculate the highest common divisor of r and 595.
85
Let r(w) = w**3 + 9*w**2 - 20*w - 2. Let x be r(2). What is the greatest common divisor of x and 1942?
2
Let v(a) = -240*a + 1932. Let d be v(8). Calculate the greatest common factor of 7956 and d.
12
Let a = -22 + 32. Suppose -4*i = 4*v - 1232, -942 + 2485 = 5*v + 2*i. Let l = v + -304. What is the highest common divisor of l and a?
5
Let c be 4/30 + 29386/147*(-42)/(-30). Calculate the greatest common divisor of c and 2345.
35
Let m be (-1 + (-221)/119)*(-189)/6. Calculate the greatest common factor of m and 2106.
18
Let y be 31/403 + ((-2)/(-15) - 25084677/(-585)). Calculate the highest common factor of 40 and y.
40
Let w(t) be the third derivative of -t**6/60 + 23*t**5/60 - 3*t**4/4 + 34*t**3/3 - 3*t**2 + 16. Let p be w(10). What is the highest common divisor 